(l) = l**3 - 11*l**2 - 15*l + 36. Let j be b(12). Suppose -7*s = -j*s - 1232. What is the tens digit of s?
7
Let w be (-4 + 5 - -59) + 2. Let t = w - -17. What is the tens digit of t?
7
What is the tens digit of (-9 + 0)/((-3339)/(-837) + -4)?
3
Let v be 132/(-4)*(-1)/3. Let j be 5/1 + (8 - v). Suppose 4*x = 3*k - 86 - 3, -31 = -k + j*x. What is the tens digit of k?
2
Let s(z) = 26*z - 9. Let r(t) = -t + 1. Let u(n) = 3*r(n) + s(n). What is the units digit of u(4)?
6
Let b be 7/(21/279) + (0 - -2). Suppose 3*o + 0*f = -4*f + b, 3*f = 3*o - 102. What is the units digit of o?
3
Suppose 0 = -9*x + 8474 + 706. What is the thousands digit of x?
1
Let z = 18 - 13. Suppose 4*v - z*v + 8 = t, 0 = 5*v - 4*t - 4. Let o(n) = n**3 - 3*n**2 + n - 5. What is the tens digit of o(v)?
1
What is the tens digit of 1338/(-7)*(-9)/18*28?
7
Suppose 15 = z + 4*v, 0*z - 2*z + 30 = -4*v. Let d be 4*1/12*z. Suppose h = 2*r - 48, -72 - 53 = -5*r + d*h. What is the tens digit of r?
2
Suppose 0 = -2*s + 4*s. Let z = -26 - -29. Suppose s = 8*g - z*g - 30. What is the units digit of g?
6
Let s(h) = -h**3 - 3*h**2 + 21*h + 18. Let k be s(-6). Let c = -1 - -5. Suppose 0*m - 4*b - 26 = -m, k = c*m - 3*b - 143. What is the tens digit of m?
3
What is the tens digit of 244231/117 + (-20)/45?
8
Let r(p) = -5*p**2 - 325*p - 7. What is the units digit of r(-19)?
3
Suppose 0 = 3*u + 2*u. What is the tens digit of -1 + u + (-9 - -40)?
3
Suppose n - 25 = -4*n. What is the units digit of 60 + n + -1*3?
2
Let h(y) = y**2 + 14*y + 4. Let a be h(-6). What is the units digit of (a/(-10))/(13/260)?
8
Let c(b) = -b**3 + 29*b**2 + 58*b - 41. What is the hundreds digit of c(30)?
7
Suppose 1851 + 1593 = 6*g. What is the tens digit of g?
7
Let t(s) = s**2 + 2. Let k be t(0). Suppose 2*b + k = 10, b = p - 17. What is the units digit of p?
1
Let n(b) = 3*b - 31. Let k be n(10). Let a(u) = -128*u - 7. What is the units digit of a(k)?
1
Suppose 5*i = -59 + 859. Suppose 0*r = 3*r - 2*l - i, -r - 4*l = -30. Suppose 10 + r = 4*j. What is the tens digit of j?
1
Let v be 0/(-1) - -1*2. Let g be (2/(-6))/((-1)/3). Suppose -v*w - g + 7 = 0. What is the units digit of w?
3
Let g = 5 - 5. Suppose -6*w + 33 = -3*w. Let y = g + w. What is the tens digit of y?
1
Let t be (10/(-4))/((-7)/112*4). Let v(d) = d**2 - d + 19. What is the units digit of v(t)?
9
What is the units digit of (597 - (-1 - 11))/(2/2)?
9
Suppose 0 = 3*t - 6, -l - 50 = 3*l + t. Let x = 9 + l. Let s(m) = m**2 - 4*m - 6. What is the tens digit of s(x)?
2
Let p = 117 - 83. Suppose -4*t - 4*n = -228, -p = -t - 3*n + 13. What is the tens digit of t?
6
What is the tens digit of 6/(-10 - -22)*(-1 + 1367)?
8
Let s be (-38)/(-5) - ((-35)/25 + 1). Suppose s*n - 750 = -142. What is the tens digit of n?
7
What is the hundreds digit of (5862/12*-2)/(-1)?
9
What is the hundreds digit of 20/(-8) + 3 - (-3381)/2?
6
Suppose -5*k - 30 = i - 5*i, 3*i = 0. Let l be 0 - (4 - -4)*-2. Let g = k + l. What is the units digit of g?
0
Suppose -3*m - 4 = 5. Let s(q) = 20*q - 1. Let t(i) = -13*i + 1. Let u(y) = 5*s(y) + 8*t(y). What is the tens digit of u(m)?
1
Suppose 5*a - 2*r = -4*r - 321, 3*a = -r - 192. What is the tens digit of 56/3 - 21/a?
1
Let b = -691 - -2075. What is the hundreds digit of b?
3
Let g = -2303 + 4961. What is the thousands digit of g?
2
Suppose 3*n = -16 - 17. Let g = n + 9. What is the units digit of g/4 - 623/(-14)?
4
Let d(q) = q**3 - 2*q - 4*q**3 + q - 2*q**2 + 2 + 4*q**3. Suppose -12 = -4*w - 0*w. What is the units digit of d(w)?
8
Let y(k) = 2*k + 5*k**2 + 7 - 6 + 8*k. What is the hundreds digit of y(7)?
3
Suppose c = 1340 - 112. What is the tens digit of c?
2
Let a(o) be the third derivative of o**6/120 - o**5/20 - o**4/4 + 5*o**3/3 - 11*o**2. What is the units digit of a(4)?
2
What is the hundreds digit of 1248/5*(-290)/(-87)?
8
Suppose -j = j - 30. Let s(w) = w - 6. Let x be s(j). Suppose -5*r + x + 6 = 0. What is the units digit of r?
3
Suppose -4*o + 2*o - 2550 = 0. What is the tens digit of o/60*(0 - -1)*-4?
8
Let f(r) = 4*r**2 - 31*r - 2. Let o be -3*3*(-30)/27. What is the tens digit of f(o)?
8
Suppose -h + 3*m + m + 1622 = 0, 4*m + 6548 = 4*h. What is the hundreds digit of h?
6
Suppose 0 = -j - 2*n + 267, -727 = -3*j + n + 81. Suppose -v + j = 4*o, -o + 4*v = v - 51. What is the units digit of o?
6
Suppose -3*c - 3207 = -2*f + 2*c, -2*f + 2*c + 3222 = 0. What is the hundreds digit of f?
6
What is the hundreds digit of (-9)/(72/(-8344)) - -1?
0
Suppose 2*m - 526 - 98 = 0. Let y = m + -174. What is the units digit of y?
8
Suppose 3*u - 32 = -5*v, 4*v = u + 4*u - 41. Let k(l) = 7*l. What is the tens digit of k(u)?
6
Let f(b) = b - 8. Let m be f(12). Suppose m*h - 606 - 34 = 0. What is the hundreds digit of h?
1
Suppose -5*d + 460 = -1970. What is the tens digit of d?
8
Let l(u) = 2*u**3 - 5*u**2 + 8*u - 6. What is the tens digit of l(3)?
2
Suppose 2*d - 4 = 3*n - 2*n, -5*n = -2*d - 12. Suppose 0 = 3*k - 4 - 5. Suppose k = 5*c - 5*l + 13, -4 = -n*c + l. What is the units digit of c?
2
Let u be (-72)/(-33) - 4/22. Suppose u*a = 3*a. What is the tens digit of a*(-1)/2 - -61?
6
Let t = 26 + -80. Let r = -35 - t. Suppose -2*p - 3*x = -p - r, -25 = 5*x. What is the tens digit of p?
3
Let q be -3*(24/(-30) - 2/10). Suppose -5*x + 132 = -q*x. What is the tens digit of x?
6
What is the thousands digit of (1183/3)/((-19)/(-57))?
1
Suppose -4*a - 5*q = -1675, 5*a - 24*q = -27*q + 2110. What is the hundreds digit of a?
4
Suppose 17*s = 998 + 14302. What is the tens digit of s?
0
Suppose 0 = 4*r - 4*d, 2*r - 3*r - 3*d + 12 = 0. Suppose 470 = 5*l - r*l + y, 5*y = -2*l + 462. What is the hundreds digit of l?
2
Let x(k) = k**3 + k**2 + 2*k. Suppose 3*q - 22 = -7. What is the units digit of x(q)?
0
Let c = 4 - 2. Suppose 3*m + 17 = f, 2*m = f + c*f - 51. Let y = f - -23. What is the units digit of y?
0
Suppose 11*p - 93 = 14*p. Let n = 123 - p. What is the hundreds digit of n?
1
Let h = 59 + -122. Let b = -6 - h. What is the units digit of b?
7
Let j(u) = u**2 + 12*u - 27. What is the units digit of j(-22)?
3
Suppose 72 = 10*y - 4*y. Let g(t) = -t**2 + 17*t + 15. What is the tens digit of g(y)?
7
Suppose 2*w - 1284 = -2*w. What is the hundreds digit of w?
3
Let k(u) be the third derivative of -5*u**4/24 + 37*u**3/6 + 4*u**2. What is the units digit of k(6)?
7
Let y(v) = 6 - 14*v**2 + v**3 - 4 - v + 34*v - 4*v**2. What is the tens digit of y(16)?
1
Let i be (-7)/(-21) - 112/(-6). Let d = 51 - i. What is the tens digit of d?
3
Let h = -3003 + 4806. What is the units digit of h?
3
Let r be (0/(-1))/(-4 - -6). Let j(o) = -5*o + 37 + r*o + 4*o. What is the units digit of j(15)?
2
Let p(a) = a**2 - 6*a + 37. Let x be p(17). Suppose -x - 150 = -11*w. What is the tens digit of w?
3
Suppose 17*c - 12*c = 1885. What is the tens digit of c?
7
Suppose -2*w + 2657 = -1589. What is the units digit of w?
3
Suppose 6843 = -16*q + 90875. What is the thousands digit of q?
5
Let v = -450 + 1606. What is the hundreds digit of v?
1
Let z = 7 - 3. Suppose 114 = z*m + 3*l, -2*l - 3*l - 130 = -4*m. What is the units digit of m?
0
Let v be -2272*(-3)/54 - (-4)/(-18). Suppose 3*t + 2*n - n - 163 = 0, 0 = 2*t + 5*n - v. What is the units digit of t?
3
Suppose 5971 + 3584 = 5*k. What is the tens digit of k?
1
Suppose 0 = -p + u + 159, -3*p - 4*u + 210 + 232 = 0. What is the hundreds digit of p?
1
Suppose 18*w - 1708 = 902. What is the hundreds digit of w?
1
Let c = -2 - -7. Suppose -9*i = -14*i - c. Let r = 10 - i. What is the units digit of r?
1
Let h = 6 + 59. What is the units digit of h?
5
Suppose -7*n + 11*n = v + 1107, 0 = n + 2*v - 270. What is the units digit of n?
6
Let y = -21 - -23. Suppose 5*x - y*w - 225 = -7*w, -3*w + 219 = 5*x. What is the tens digit of 50/3 + (-28)/x?
1
Let j(y) = -2*y + 12. Let b be j(4). What is the tens digit of (-1)/(0 - b/52)?
1
Suppose 3*l = -c + 4*c + 507, -5*l - 3*c + 837 = 0. Let k = -95 + l. Suppose -2*m - 288 = -4*t, -3*t + 2*t = -m - k. What is the units digit of t?
1
Let t(s) = -6*s**2 + 52*s - 10. Let w(f) = 3*f**2 + 8*f + 11. Let r be w(-2). What is the units digit of t(r)?
0
Suppose 0 = -2*t - 3*w + 7310, 0 = -4*t + w + 10743 + 3877. What is the hundreds digit of t?
6
Suppose -42*a + 41*a + 143 = 0. What is the hundreds digit 